mon divisor of 26 and 193063?
13
What is the highest common factor of 277 and 307193?
277
What is the greatest common factor of 692926 and 58?
58
What is the greatest common factor of 50 and 448975?
25
What is the greatest common factor of 14410 and 10010?
110
Calculate the greatest common factor of 1617152 and 512.
256
Calculate the highest common divisor of 64 and 1695.
1
What is the greatest common divisor of 121799 and 31?
31
Calculate the highest common factor of 5824 and 45728.
32
Calculate the highest common divisor of 31737 and 568.
71
What is the greatest common factor of 648 and 12196980?
324
Calculate the highest common factor of 1078655 and 145.
145
Calculate the highest common factor of 271 and 883189.
271
Calculate the highest common divisor of 31257 and 162.
9
What is the highest common factor of 1313 and 8585?
101
Calculate the greatest common factor of 14365 and 340.
85
Calculate the greatest common divisor of 4 and 16474.
2
What is the greatest common factor of 14917 and 119?
7
What is the highest common divisor of 190 and 568?
2
What is the greatest common divisor of 1125 and 1426125?
375
What is the greatest common factor of 310305 and 5285?
755
Calculate the greatest common divisor of 649 and 187.
11
What is the greatest common factor of 2951 and 5226?
13
Calculate the highest common divisor of 44565 and 30.
15
Calculate the greatest common divisor of 287900 and 300.
100
What is the highest common factor of 12 and 2977068?
12
What is the highest common factor of 2364300 and 5328?
1332
What is the highest common divisor of 315 and 162680?
35
What is the greatest common divisor of 300 and 24204?
12
Calculate the greatest common divisor of 21 and 110.
1
What is the greatest common factor of 35 and 7417655?
35
Calculate the greatest common divisor of 183 and 18849.
183
Calculate the greatest common divisor of 20636 and 132.
44
What is the greatest common factor of 5391 and 141?
3
Calculate the highest common factor of 98880 and 20.
20
Calculate the highest common factor of 252 and 39648.
84
What is the highest common divisor of 243 and 25299?
27
Calculate the highest common divisor of 495 and 2106.
9
What is the greatest common divisor of 576 and 10672?
16
What is the greatest common divisor of 13604 and 760?
76
What is the highest common divisor of 56295 and 810?
405
What is the greatest common factor of 5571 and 138037?
619
Calculate the greatest common divisor of 84 and 88879.
7
Calculate the highest common factor of 2223 and 5837.
13
Calculate the highest common divisor of 5 and 1089665.
5
Calculate the greatest common factor of 2584 and 435846.
34
Calculate the highest common factor of 517 and 4058967.
517
Calculate the highest common factor of 237 and 8.
1
Calculate the highest common divisor of 438 and 4236.
6
What is the greatest common divisor of 91968 and 320?
64
Calculate the greatest common divisor of 2270724 and 1020.
204
Calculate the greatest common factor of 44646 and 42.
42
What is the highest common divisor of 1419 and 31605?
129
Calculate the highest common divisor of 2516 and 1462.
34
What is the greatest common divisor of 84 and 249774?
42
Calculate the highest common factor of 204 and 1872.
12
What is the greatest common factor of 126 and 43272?
18
What is the greatest common factor of 494 and 925376?
38
What is the highest common divisor of 1012987 and 41?
41
What is the highest common divisor of 56921 and 12?
1
What is the greatest common factor of 8151 and 104709?
627
Calculate the greatest common factor of 66 and 4996398.
66
What is the greatest common divisor of 4497984 and 64?
64
What is the highest common divisor of 13994391 and 94?
47
Calculate the highest common divisor of 1080 and 26460.
540
What is the greatest common divisor of 43900 and 125?
25
What is the highest common divisor of 2415535 and 419?
419
Calculate the highest common factor of 177802 and 228.
38
What is the greatest common divisor of 19982 and 4738?
206
Calculate the greatest common divisor of 9 and 339.
3
Calculate the highest common divisor of 156420 and 4752.
396
Calculate the greatest common factor of 23146 and 1988.
142
Calculate the highest common divisor of 1960 and 3260.
20
Calculate the highest common divisor of 608 and 432.
16
Calculate the highest common factor of 2923541 and 47.
47
What is the highest common factor of 168 and 71547?
21
What is the highest common factor of 51030 and 3745?
35
Calculate the greatest common divisor of 13817 and 30463.
41
Calculate the greatest common divisor of 27301 and 161.
23
What is the greatest common divisor of 3198 and 13161?
123
What is the greatest common divisor of 5603 and 269806?
431
What is the greatest common factor of 182 and 15002?
26
Calculate the highest common divisor of 6478 and 3936.
82
What is the highest common divisor of 13420 and 21716?
244
What is the greatest common factor of 1471 and 9?
1
Calculate the greatest common divisor of 444 and 252.
12
What is the highest common factor of 598 and 15418?
26
What is the greatest common factor of 5892 and 6828?
12
What is the greatest common factor of 248 and 6424?
8
Calculate the greatest common divisor of 686 and 11816.
14
Calculate the greatest common factor of 78661 and 891.
11
What is the highest common divisor of 650 and 5902?
26
What is the highest common divisor of 75894 and 56?
14
Calculate the highest common divisor of 593829 and 18.
9
What is the greatest common divisor of 2231 and 161893?
97
What is the highest common factor of 144 and 198?
18
What is the greatest common divisor of 272 and 1083172?
68
What is the greatest common factor of 14776 and 40?
8
Calculate the greatest common factor of 4462 and 368.
46
Calculate the greatest common factor of 233244 and 1953.
279
What is the highest common factor of 1089 and 10494?
99
Calculate the greatest common factor of 129954 and 33.
33
Calculate the highest common factor of 2401160 and 280.
40
Calculate the greatest common divisor of 17316 and 4995.
333
Calculate the greatest common factor of 584868 and 549.
183
Calculate the greatest common factor of 30 and 20490.
30
Calculate the greatest common divisor of 1 and 17749.
1
Calculate the highest common factor of 7077680 and 320.
80
Calculate the greatest common factor of 145 and 19430.
145
What is the greatest common divisor of 959 and 616?
7
What is the highest common factor of 101524 and 884?
68
Calculate the highest common divisor of 66284 and 3405.
227
Calculate the greatest common divisor of 350 and 400498.
14
What is the greatest common divisor of 100303 and 253?
23
Calculate the greatest common factor of 803 and 98039.
73
Calculate the greatest common divisor of 12874 and 902.
82
Calculate the greatest common divisor of 9 and 4413.
3
Calculate the greatest common divisor of 9317 and 35.
7
What is the highest common divisor of 2712 and 4944?
24
What is the greatest common divisor of 63411 and 21183?
69
What is the highest common factor of 5038 and 107?
1
What is the greatest common factor of 15548 and 20?
4
What is the highest common factor of 45 and 16655?
5
Calculate the highest common factor of 1862 and 364.
14
Calculate the greatest common factor of 2557978 and 346.
346
Calculate the highest common factor of 9731910 and 15.
15
What is the highest common factor of 24881 and 1251?
139
Calculate the greatest common divisor of 512 and 81056.
32
What is the greatest common factor of 4712 and 3?
1
What is the highest common divisor of 1369006 and 46?
46
What is the highest common divisor of 7955 and 21070?
215
Calculate the highest common divisor of 7442 and 5002.
122
Calculate the greatest common divisor of 624375 and 6660.
1665
Calculate the highest common divisor of 3277464 and 68.
68
What is the highest common factor of 930 and 287742?
186
Calculate the greatest common factor of 1375 and 1023.
11
Calculate the highest common factor of 762 and 6752082.
762
What is the highest common divisor of 2 and 813914?
2
Calculate the highest common factor of 31801 and 118.
59
Calculate the highest common factor of 2002 and 14322.
154
What is the greatest common factor of 57 and 87807?
3
Calculate the greatest common divisor of 4552 and 3848.
8
What is the greatest common factor of 1464876 and 18?
18
Calculate the